e the highest common factor of l and m.
11
Suppose 6 = -o, -3*w + 5*w - o - 130 = 0. What is the highest common factor of 1581 and w?
31
Let k be (-3 - 1) + (-7332)/39. Let w be 4/(-1)*36/k*148. Calculate the greatest common factor of w and 6.
3
Let f(k) = 115*k + 4. Let r be f(2). Let w = 354 - r. What is the highest common divisor of 40 and w?
40
Let i = -16261 - -16307. Let k = 30 - -85. Calculate the greatest common factor of k and i.
23
Let i(d) be the second derivative of -2*d**3/3 + 75*d**2 + 5*d + 5. Let g be i(36). Calculate the greatest common divisor of 213 and g.
3
Let c be -2 + 115 + -2 + (-17 + 5 - -11). Calculate the greatest common divisor of c and 1210.
110
Suppose -269*m = -264*m - 735. Suppose -5*q + m = 4*b, 48 + 102 = 4*b + 2*q. Calculate the greatest common factor of b and 152.
38
Let i be ((-16)/(-18))/(-2) - (12 + 56960/(-180)). Calculate the greatest common factor of i and 64.
16
Suppose -11*o + 7*o = 11*o - 50310. Calculate the greatest common factor of o and 78.
78
Let t be 10 + -8*(-7)/56. Let x(s) = 45*s**2 + 2*s - 4. Let u be x(3). Calculate the greatest common factor of u and t.
11
Let g be ((-6)/7)/2 - (-127800)/280. Suppose 7*u = -u + g. What is the highest common factor of 114 and u?
57
Suppose -73*g = -68*g - 1785. Let o be 0 - (-3580)/35 - (-2)/(-7). What is the highest common factor of o and g?
51
Let p = -209 + 322. Calculate the greatest common factor of p and 2147.
113
Let x be (-1 + -7)*78/(-12). Suppose -86*v - 733 = -2*p - 91*v, 363 = p - v. What is the highest common factor of p and x?
52
Let l(r) = 13*r**2 + 12*r + 240. Let v be l(26). What is the highest common divisor of v and 20?
20
Let f be 9 - ((-2)/3 + 238/51). Suppose 2*t + 5*y - 225 = 0, f*y = t + 2*t - 375. What is the highest common factor of 75 and t?
15
Let v = -2294 + 4708. Calculate the highest common divisor of v and 68.
34
Suppose 24*x = 27*x - 600. Let z = x - 72. Let k(s) = 2*s**2 - 2*s + 4. Let m be k(3). Calculate the greatest common divisor of m and z.
16
Let a(j) = -524*j - 6007. Let w be a(-25). Calculate the highest common divisor of w and 346.
173
Suppose 37*m = 15*m - 158*m + 360. What is the greatest common factor of 74 and m?
2
Let f(y) be the third derivative of -13*y**4/24 - 4*y**3/3 - 9*y**2. Let o = 284 + -286. Let s be f(o). Calculate the greatest common factor of 162 and s.
18
Suppose 11*y + 3*y = 1176. Suppose 3*i - 190 = 2*i + 4*v, 2*v - 10 = 0. What is the highest common factor of i and y?
42
Let l be (-8)/(9/11 - -3 - 4). Let z be 4/14 + 26/(-91). Suppose 2*r - 6*r + 528 = z. Calculate the highest common divisor of l and r.
44
Let d = 2106 - 1308. Suppose 8*g - 266 = d. What is the highest common factor of 57 and g?
19
Suppose 2*o - 1723 = -5*z, o - 342 - 519 = -3*z. Calculate the highest common factor of o and 240.
48
Let t be (-20)/(-11) + (-14)/(-77). Suppose y + 2*s + 2 = 10, -y + t*s = 12. Let n be y/4 - 6/((-24)/38). Calculate the highest common divisor of n and 27.
9
Suppose -530 = 79*d - 1557. Let w be (2 - 3)*(-4)/2. Let j = d - w. Calculate the greatest common factor of 11 and j.
11
Let u be 8800/(-50)*((-5 - -2) + 2). Let s be u - 28/21*6. What is the highest common factor of 63 and s?
21
Let a(h) = 7*h + 42. Let j be a(-24). Let m = -102 - j. What is the greatest common divisor of 42 and m?
6
Let n = -239 + 239. Let w(g) = -g**2 + 3*g + 44. Let h be w(n). What is the greatest common divisor of h and 220?
44
Let k = 152 + -117. Suppose 24*t = 26*t - 10. Suppose 24 - 59 = -t*v. What is the highest common divisor of v and k?
7
Let r = 2189 - 2161. Calculate the highest common divisor of 108 and r.
4
Suppose -2*g - 180 = -3*g. Let s be (3 + -13)/((-10)/85). Let t = s + -65. Calculate the highest common divisor of g and t.
20
Suppose 0 = 2*x + 2*x - 16. Suppose 0 = 18*w - 33 - 21. Suppose -4*t = w*d + 2*d - 160, t + 149 = 4*d. Calculate the highest common factor of d and x.
4
Let y(h) = 2*h**3 - 4*h**2 + 5*h. Let v be y(2). Suppose 4*r = -r - 30. Let l be -30*1*r/v. What is the greatest common divisor of l and 45?
9
Let j(i) = 11*i**2 + 223*i + 273. Let g be j(-20). What is the greatest common divisor of 1917 and g?
213
Let r(v) = 2*v**2 + 88*v + 788. Let p be r(-10). Calculate the greatest common factor of 24 and p.
12
Let g be 3 - 245/(-42) - 80/(-480). Let d(o) = -o**2 - 11*o - 3. Let t be d(-6). What is the greatest common factor of t and g?
9
Let k(h) = -44*h + 5. Let c be 0*2/(-4) - 5. Let y be k(c). Let f = 30452 + -30427. Calculate the greatest common divisor of f and y.
25
Suppose -4*m = m - 35. Let s(v) = 53*v - 18*v - 133 + 0*v. Let n be s(6). What is the greatest common divisor of m and n?
7
Suppose -2*g = 104 - 74. Let a(i) = -2*i - 33. Let h be a(g). Let c be (10/h)/(-1 + 22/24). What is the greatest common factor of 5 and c?
5
Let o = -2079 - -2094. Suppose 0 = -3*b + 182 - 2. What is the highest common divisor of o and b?
15
Let m(t) = 4*t + 24. Let s be m(-14). Let c = 39 + s. Suppose -2*x = -2*f + 98, 4*f + 172 = c*f + 2*x. Calculate the greatest common divisor of 81 and f.
27
Suppose 3268 = 64*d + 310 - 5490. Let p(y) = -2*y**2 - y + 6. Let h be p(6). Let s = d + h. Calculate the greatest common factor of 24 and s.
12
Let c = 4185 + -2793. What is the highest common factor of 87 and c?
87
Let d(m) = -37*m - 147. Let b be (2 + (-1 + -4)*-2)*-1. Let g be d(b). What is the highest common factor of g and 27?
27
Let o(n) = 182*n**2 - 72*n + 424. Let k be o(6). What is the highest common factor of 32 and k?
16
Suppose -37 - 80 = -13*w. Let c be (w + 4)/(1/3). Calculate the greatest common factor of 91 and c.
13
Let o be (-1 - (-141)/6)*76/6. Suppose 5*z + 3*x = 354, 4*z + 21*x - o = 18*x. What is the highest common factor of z and 46?
23
Suppose -3*t + 303 = -3*y, 2*t - 35*y - 198 = -37*y. Let w(g) = -20*g - 45. Let b be w(-6). What is the greatest common factor of b and t?
25
Let x be 488/6 - 0 - 20/60. Suppose 13 + 22 = 5*h. Suppose 2*m + h = x. Calculate the highest common divisor of 37 and m.
37
Let d(z) = -1252*z - 2671. Let m be d(-5). What is the highest common factor of m and 74?
37
Let r be (-48)/(-160)*(-1)/(1/(-190)). Let f = 0 + 2. Let i be (2*19)/(-1 + f). Calculate the greatest common factor of i and r.
19
Let p be 379*-2*1/2. Let d = 483 + p. What is the highest common factor of d and 260?
52
Let y(o) = o**3 - 2*o**2 - 12. Let r be y(5). Let x(t) = t**2 - 14*t + 66. Let m be x(8). What is the greatest common divisor of r and m?
9
Let j be (1289 - (-7 - -21)) + 0. What is the greatest common divisor of j and 150?
75
Let o be ((-14356)/3)/(176/(-132)). What is the greatest common divisor of 679 and o?
97
Let g = 4928 + -4849. What is the greatest common factor of 1659 and g?
79
Suppose 25*s = 27*s + 60. Let h be (-2 + 1)/(-9)*(-21 - s). What is the greatest common divisor of 8 and h?
1
Suppose -2*c + 3*p = -54, 4*c - 2*p - 80 = -3*p. Let g be ((-16)/(-24))/(2/c). Calculate the greatest common divisor of g and 175.
7
Let k(n) = 231*n - 4095. Let b be k(21). Calculate the highest common divisor of b and 420.
84
Suppose 0 = 5*z - 136 - 79. Let a be (-32)/4 + 478 + 5 + -3 + 1. What is the greatest common divisor of a and z?
43
Let f(r) = -6*r - 219. Let n be f(-37). Suppose 21*p = 24*p - 5*x - 106, -118 = -n*p + 2*x. Let b = -86 - -156. What is the highest common divisor of b and p?
14
Let u(p) = 2*p**3 + 3*p**2 + 2*p + 5. Let d be u(4). Suppose -12*l - 750 = -6*l. Let b = l + 146. What is the highest common divisor of b and d?
21
Let c be -2*4 + -15 + 17. Let i be (c/(-9))/((-2)/(-255)). Calculate the highest common divisor of 187 and i.
17
Let y(v) = 5*v - 6. Let c be y(2). Suppose 37 + 11 = 8*t. Suppose t*f - 42 = c*f. Calculate the highest common factor of 189 and f.
21
Let g = 961685 + -961335. Let h(q) = q**3 - 4*q**2 - 2*q - 1. Let x be h(5). What is the greatest common factor of x and g?
14
Suppose -3*y - 226 = 3*u - 1756, 0 = -2*y - 6. What is the highest common factor of u and 135?
27
Suppose 167*c - 185*c = -648. Calculate the greatest common divisor of 384 and c.
12
Let m(z) = z**2 + 18*z - 20. Let i be 79/(-4) - (-2 - (-90)/40). Let h be m(i). Calculate the greatest common factor of 50 and h.
10
Let f(k) = 23*k**2 + 9*k - 5. Let v be f(2). Suppose 12*x = -v + 357. L